 2*r - 428 = -120. What is the hundreds digit of r?
1
What is the units digit of (-4 - -14 - -1) + 2?
3
Let q = 5 - 4. Let b be -6 + 2/2*q. Let w = b - -7. What is the units digit of w?
2
Suppose -2*h = h + a - 22, -19 = -2*h - 5*a. Let l(k) = k**3 - 6*k**2 - 3*k - 6. What is the units digit of l(h)?
2
Let n = -1 + 5. Let w = -17 - -17. Suppose -5*d = -n*i - 25, -4 = -w*d + d + i. What is the units digit of d?
1
Suppose 777 = -3*q + 10*q. What is the tens digit of q?
1
Suppose -r = 3*r + 44. Suppose -5*m - 7 = -x, 6*x - x = -2*m - 100. Let u = r - x. What is the units digit of u?
7
Let n(b) = -3*b. Let k be 5/15 + (-26)/6. What is the tens digit of n(k)?
1
Let t(f) = f - 2. Let q(y) = 3*y - 5. Let o be q(4). Let x be t(o). Suppose x*d - 36 = 2*d. What is the tens digit of d?
1
What is the tens digit of 1/(-3) + (-86)/(-6)?
1
Let v = -23 + 36. Suppose 3*o = -2*c + 2 + 4, o - 2 = -c. Suppose 2*j - 1 - v = c. What is the units digit of j?
7
Suppose 5*t = -0*t. Suppose t = r - 2 - 7. Suppose 4*b + 35 = r*b. What is the units digit of b?
7
Let g = 15 + -12. What is the units digit of 9*9/g*1?
7
Let s be ((-20)/(-25))/((-1)/(-20)). What is the units digit of s + 2/(2 + 0)?
7
Let h = 1 + 5. Suppose 0 = -3*c - h - 6, 0 = -y + 2*c + 32. What is the tens digit of y?
2
Suppose 0 = o - 0 - 1. Let c = 4 + -1. Let x = o + c. What is the units digit of x?
4
Let j be 10/(-55) + 365/11. Suppose 0*w - j = -3*w - 3*b, 26 = 2*w + 4*b. What is the units digit of w?
9
Suppose -1 = z - 2. What is the units digit of z?
1
Suppose 5*l = 10, -4*d + 16 = -0*l + 4*l. Suppose 0 = v + 2, d*c = 2*v - 7*v + 2. Suppose 3*b - 15 - c = 0. What is the units digit of b?
7
Let q(p) = 21*p**3 - 3*p**2 + p + 5. Let d(z) = z**3 - z**2 + 1. Let r(s) = 4*d(s) - q(s). What is the units digit of r(-1)?
6
Let m = -188 + 353. Suppose -30*h - m = -33*h. What is the tens digit of h?
5
Let p be ((-2)/(-6))/(2/24). Suppose 3*j - p*j + 10 = 0. What is the units digit of j?
0
Let b(f) = 192*f**2 - f + 1. What is the tens digit of b(1)?
9
Let t(s) be the first derivative of -s**5/60 + s**4/8 + s**3 + 2. Let b(p) be the third derivative of t(p). What is the tens digit of b(-5)?
1
Let q be (-856)/(-36) - 4/(-18). Suppose -2*f + 4 + 0 = 0. What is the units digit of f/8 + 210/q?
9
Suppose o + 132 = 7*o. What is the units digit of o?
2
Let l(r) = -r**3 + 5*r**2 + 5*r + 8. Let d be l(6). Let o = d - -1. Suppose -2 = -o*z + 2*z. What is the units digit of z?
2
Let g be (1 + -2)*(1 - 19). Let z = g + -1. What is the units digit of z?
7
Let z = 119 + -58. Let r = z + -16. What is the units digit of r?
5
What is the units digit of 1*-2*(-2)/(-6)*-12?
8
Suppose -4*k - 2*n + 284 = 0, -5*k - 353 = -10*k - 2*n. Suppose 19 - k = -2*c. What is the units digit of c?
5
What is the units digit of (-15)/10*138/(-9)?
3
Suppose -4*v = -1 - 11. Suppose v*c - i - i = 22, -2*c - i + 24 = 0. What is the tens digit of c?
1
Let b = 78 + 13. What is the tens digit of b?
9
Suppose 8*a - 1675 = 53. What is the tens digit of a?
1
Suppose -1 = -y + 3. Let w = y - 3. What is the units digit of (13 - w)/(6/4)?
8
Let m(s) = s - 6. Let d be m(5). Let z(k) = -12*k + 1. Let w be z(d). Suppose 20 = -4*u, 3*l + 3*u = -2*u - w. What is the units digit of l?
4
Suppose -2 - 10 = -2*f. Let w be ((-27)/f)/(6/8). What is the tens digit of (44/w)/(2/(-3))?
1
Let v(u) = u**3 - 8*u**2 + u + 5. Suppose -p - 9 = -2*w + 12, 0 = 5*w + 2*p - 30. What is the tens digit of v(w)?
1
Let k(s) = -5*s + 6 + 2*s + 4*s - 2*s. What is the tens digit of k(-6)?
1
Let r = -3 + 6. Suppose -4*y = -4*h + 84, r*h + 5*y - 51 = 4*y. What is the units digit of h?
8
Let c(q) = -q**3 - 11*q**2 - q - 9. What is the units digit of c(-11)?
2
Let c(r) = 11*r**3 - 3*r**2 + 4*r - 2. What is the units digit of c(2)?
2
Let o(u) = -8*u - 15. Let f(k) = 69 + 8*k - 25 + 15*k. Let v(a) = -6*f(a) - 17*o(a). What is the units digit of v(-6)?
3
Let u be -2 - (2/2 + -2). Let j be (-8)/20 + (-4)/(-10). What is the units digit of j - (u*2 + -5)?
7
Suppose 0 = 2*k - 3*k + 3. What is the tens digit of (-2)/k + (-245)/(-21)?
1
Let o be (76/(-8))/(1/2). Let x be (1/2)/(2/140). Let c = o + x. What is the tens digit of c?
1
Suppose 4*t - 17 = 5*i, 5*i - 33 = -3*t + 2*i. Let m = t + -3. Let l(c) = c**2 - 5*c + 5. What is the units digit of l(m)?
5
Let j be 35/10 + (-2)/4. Let r(q) = 2*q**2 - 1 - 3*q**2 + 4*q + q + 0. What is the units digit of r(j)?
5
Let c(q) = -q**3 + q**2 - 2*q + 27. What is the tens digit of c(0)?
2
Suppose 2*r + 3*c - 27 = -2, r = 4*c - 4. Let z = 23 - r. What is the tens digit of z?
1
Let c(d) = -d**3 + 3*d**2 + 7*d - 5. Let r be c(5). Let q = 6 + r. Let f = 24 + q. What is the units digit of f?
0
Let a(q) = q**2 + 15*q - 31. What is the tens digit of a(-22)?
2
Suppose 5*c = 120 - 35. Suppose -t = 3*v - c, -8*t + 4*t - 3*v = -41. What is the units digit of t?
8
Let b(f) = 4*f**2 + 4*f + 3. Suppose -o + 2 = -2. Suppose -o = -z + 3*z. What is the tens digit of b(z)?
1
Let p(w) = w**3 + 5*w**2 - 2*w - 1. Let t(q) = q**3 + 4*q**2 - 6*q - 3. Let u be t(-5). Let s be ((-21)/6 - -1)*u. What is the units digit of p(s)?
9
Suppose -2*h + p + 41 = -0*h, 0 = -3*h - 4*p + 67. Suppose -4*v + 89 - h = 0. What is the tens digit of v?
1
What is the tens digit of (-93)/(0/4 - 1)?
9
Let r(b) = b + 5. Let u be r(0). Suppose u*l - 40 = -3*i, -5*i = 4*l - 27 - 5. What is the units digit of l?
8
What is the units digit of (-4)/28 + 688/14?
9
Let z(h) = h**3 - 4*h**2 + 3*h - 7. Let s be z(4). Suppose -2*d + 23 = u - 4*d, -s*u - 5*d + 175 = 0. What is the tens digit of u?
3
Let x(w) = 2*w**2 + 3*w - 2. Suppose 5*z - 14 = 4*g + 3, 2*z + 7 = -3*g. What is the units digit of x(g)?
7
Let t(r) = -9*r**2 - r. Let n be t(1). Let k = n + 17. What is the units digit of k?
7
Let h = 3 + -8. Let o(f) = -f**2 - 6*f + 5. What is the tens digit of o(h)?
1
Suppose 4*x = p - 22, p + x = 3*p - 16. Suppose -a = p + 26. Let y = a - -48. What is the tens digit of y?
1
Suppose -6 = -3*o - 4*l + 2*l, -o = -l - 2. What is the units digit of o/(-2)*-1 + 8?
9
Suppose -y - 12 - 20 = -5*f, -32 = 2*y - 2*f. Let p(x) = -x**2 - 13*x - 8. What is the units digit of p(y)?
4
Let g = 35 - -24. What is the tens digit of g?
5
What is the tens digit of 364/4 - (1 + 0 + 1)?
8
Suppose 8 = 5*t - 3*t. Let q = t - 2. Suppose -3*k + 4 = -q. What is the units digit of k?
2
Let t be (-6)/(-9) - (-28)/(-6). Let j be (t - -1)*(-1 - -2). Let m = 4 + j. What is the units digit of m?
1
Suppose -7 = 2*q + 23. Let l be (0 + q)*(-2)/6. What is the units digit of 4 - ((l - 1) + -2)?
2
Suppose 40 = 5*s + 4*z, z + 5 = 2*z. Suppose -s*o = -4 - 40. Suppose 2*h + 5*b + 6 = 0, b - 1 + o = 4*h. What is the units digit of h?
2
Let g(t) = t**3 - 7*t**2 - 8*t + 6. Let y = 8 + 0. What is the units digit of g(y)?
6
Let s = -11 + 10. Let k be (s/(-7) - 1)*42. Let v = k + 57. What is the tens digit of v?
2
Suppose 0 = 2*a - 40 - 30. What is the tens digit of a?
3
Let l be (208/(-20))/((-2)/5). Suppose -z + l = 3*c - 8*c, -3*c = -5*z + 86. What is the tens digit of z?
1
Let h be 29/4 - 12/(-16). Let v(y) = 1 + 3 - y + h. What is the units digit of v(0)?
2
Let k(r) = 4*r**2 - r + 1. Let c be k(1). Suppose 5*h = 3*o - 6 - 16, h = -c*o + 14. Suppose -27 = -5*m - 5*w + w, 18 = 2*m + o*w. What is the units digit of m?
3
Let h be 3*-2 - (-5 + 3). Let z be 2 + h + 1*3. What is the units digit of (z + 8)*2/3?
6
Suppose 4 + 20 = 3*r. What is the units digit of r?
8
Suppose n + 2*n = 111. Let y be n/(-4) + 2/8. Let h = y + 15. What is the units digit of h?
6
Suppose 4*o = 113 + 27. What is the units digit of ((-182)/o)/((-4)/10)?
3
Suppose -91 - 69 = -5*o. What is the units digit of o?
2
Suppose 0*v - 3*v = -15. Suppose -v*c + 174 = 2*q, -2*c + q + 26 = -49. Suppose -l - 2*l + c = 0. What is the tens digit of l?
1
Suppose 2*b - 16 = 106. Suppose -32 = -3*f + b. What is the tens digit of f?
3
Let k(o) = o**2 + 12*o + 22. What is the tens digit of k(-11)?
1
Let w(h) = -h + 13. Let y be w(12). What is the units digit of -1 - (2 - y - 34)?
2
Suppose 3*d + 21 = -2*d - o, d = 4*o. Let f(x) = -x**2 - 6*x - 4. Let p be f(d). Suppose 0 = -l - 5*i + 9 + 13, -l = p*i - 20. What is the units digit of l?
2
Suppose 2*y - 298 = -2*v, y - 2*v - v - 129 = 0. Suppose -2*r - y = -5*r. What